 818 + 100 = -4*u, -4*y = 3*u - 531. What is the remainder when u is divided by 46?
43
Let h(d) = -2*d**3 + 2*d**2 - 2*d + 35. Suppose l - 52 = -4*a, 0 = a + a + 3*l - 36. What is the remainder when h(0) is divided by a?
11
Suppose 44*i - 3960 = -i. What is the remainder when i is divided by 18?
16
Suppose g - 2*a = 229, -3*a + 682 = 3*g - 8*a. Calculate the remainder when g is divided by 17.
15
Let k(t) = -2*t**2 + 23*t - 26. Calculate the remainder when 202 is divided by k(9).
12
Suppose 9*t - 5*t = -2*b - 42, 54 = -2*b - t. Let p = 35 + b. Calculate the remainder when 74 is divided by p.
2
Suppose j - q = q + 7, q + 26 = 2*j. What is the remainder when 89 is divided by j?
14
Let m = 485 + -442. Calculate the remainder when 82 is divided by m.
39
Suppose 5*j + 10 = 5*n, 5*n - 9*n - 5*j = -26. Suppose -w + n*w = -15. What is the remainder when 55 is divided by (-28)/w*5/2?
13
Let u = -1420 + 1446. Suppose 5*z + 75 = 5*y, -2*y + 2*z = -2*z - 38. What is the remainder when u is divided by y?
4
Let z(y) = 4*y**2 - 39 + y**3 + 36 - 3*y**2 - 3*y. Let o be z(3). Suppose -4 - o = -2*w. What is the remainder when 53 is divided by w?
11
Let h(c) be the second derivative of 0 - 1/6*c**4 + 5*c**2 + 7*c + 5/2*c**3. Calculate the remainder when 5 is divided by h(8).
1
Let c(o) = -2*o + 39. Calculate the remainder when 333 is divided by c(16).
4
Let r = 144 - -28. Let m(u) = u**3 - 16*u**2 - 52*u - 66. Calculate the remainder when r is divided by m(19).
27
Suppose -g = 6*s - 3*s - 358, 12 = 3*g. Let j = s + -64. Suppose -9 = 10*q - 13*q, 0 = 3*m + 3*q - 66. What is the remainder when j is divided by m?
16
Let p = -18 + 31. Let j = p - 11. Suppose -3*h + j*h + 14 = z, -5*h = 5. What is the remainder when z is divided by 6?
3
Let o(u) = -4*u**2 - 11*u**2 + 158*u - u**3 + 31 - 141*u. Suppose 0 = -0*g + g - 59. What is the remainder when g is divided by o(-16)?
14
Let u(a) = a**2 + 5*a - 30. Calculate the remainder when u(-12) is divided by 11.
10
Suppose -3*m = -3*p - 42, m - 8 = 2*p + 5. What is the remainder when m is divided by 12?
3
Suppose -3*y + 289 = -w, y + 18 = -5*w + 109. Calculate the remainder when y is divided by 53.
43
Suppose -3*g = 3*v - 36 - 66, -2*g + 4 = 0. What is the remainder when v is divided by 23?
9
Suppose 3*q = q + 24. Suppose 0 = 3*l - 2*m - 8, -1 = -4*l - 4*m + 23. What is the remainder when q is divided by (-4)/4*1 + l?
0
Suppose 0*x - 3*x = 0. Suppose -h = c - 15, x*h + 66 = 4*c + h. Suppose 1089 = 23*j + 10*j. What is the remainder when j is divided by c?
16
What is the remainder when 67 is divided by 21 - 1/(-2)*4?
21
Let q = -1320 - -1422. What is the remainder when q is divided by 18?
12
What is the remainder when 81/3 - 11 - -13 is divided by (0 - 10/(-4))*2?
4
Let k be 2/4*(-4 - 0). What is the remainder when 10/15*(-477)/k is divided by 40?
39
Let r be (435/60)/(2/16). What is the remainder when (4 - r)/(-2 + 0) is divided by (-7)/(28/8) - -16?
13
Suppose -4*g + 93 = -207. Suppose 5*q - g = -0. Calculate the remainder when 28 is divided by q.
13
Let z be (2/5)/(2/100). Let j(m) = m**3 - 9*m**2 - m - 5. Let r be j(9). Let p = z + r. What is the remainder when 17 is divided by p?
5
Suppose 2*b - 105 = 125. Suppose 0 = -i - 4*i + b. Suppose -2*o + 57 + 79 = 0. What is the remainder when o is divided by i?
22
Suppose 11*g + 776 = 4*f + 8*g, 3*f - g - 577 = 0. What is the remainder when f is divided by 15?
11
Let u(d) = -d**3 - 12*d**2 - 14*d - 11. Suppose n + 5 = -5*f, n = 3*f - 2*f - 11. Let w = n - -16. Calculate the remainder when u(-11) is divided by w.
4
Let z(h) = h**2 - h - 1. Let x be z(5). Suppose -2*m - x = -125. Calculate the remainder when m is divided by (-7)/((-42)/102) - -1.
17
Let r(x) = 48*x**2 - 1. Suppose -5*a = 6*z - 2*z - 85, 4*z + a - 97 = 0. Calculate the remainder when r(1) is divided by z.
22
Let u(q) = q**2 - 15*q - 48. Calculate the remainder when 58 is divided by u(18).
4
Let g(d) = -d**3 + 3*d**2 + 6*d - 6. Let x be g(4). Suppose -191 = -3*i + x*b, -4 = -4*b + 2*b. Calculate the remainder when i is divided by 34.
31
What is the remainder when 39 is divided by -1*(-6 - (1 + 4))?
6
Let f(l) = -l**3 + l**2 + 2*l**2 + 0*l**3 - l + 2. Let m be f(2). Suppose 108 = m*j - 12. What is the remainder when j is divided by 8?
6
Suppose -1911*y = -1921*y + 420. Calculate the remainder when 203 is divided by y.
35
Suppose 2*d + 2*b + 670 = 4080, 2*d - 3412 = -b. Calculate the remainder when d is divided by 114.
111
Let d be 114 - (3/9)/((-2)/18). Let q = d + -98. What is the remainder when 75 is divided by q?
18
Let w(c) = -5*c + 30. Let i be w(6). Suppose i*d - 4*d = 3*f - 311, 0 = -f + 5*d + 129. Calculate the remainder when f is divided by 28.
25
Suppose 4*i = -0*i - 20, -3*n + 26 = 2*i. Calculate the remainder when n is divided by 11.
1
Let h = 12 - 16. Let o = h + 14. What is the remainder when o is divided by 5?
0
Suppose 17*f = -11*f + 5544. What is the remainder when f is divided by 67?
64
Suppose -5*a - n + 729 = 0, n - 4 = -0. What is the remainder when 301 is divided by a?
11
Suppose -2*z = 3*q - 32, 40 = 3*z - z + q. Let g = 30 + z. Calculate the remainder when g is divided by 18.
16
Let m be 40/70 - 512/14. Let q be 1664/m - 6/(-27). Let v = 15 - q. What is the remainder when v is divided by 21?
19
Let f(z) = -93*z + 27. What is the remainder when f(-2) is divided by 25?
13
Suppose -2*z - 169 = -3*i, 185 = 3*i - 3*z + 5*z. What is the remainder when i is divided by 27 - (1110/(-111) - (2 - 1 - 8))?
29
Suppose 4*g - 12 = 0, -2*g = -5*b - 0*g + 864. Let l = -210 + 269. What is the remainder when b is divided by l?
56
Suppose 2*h + 0 - 22 = 0. Suppose 0 = -2*w + 4*f + 252, w - 144 + 16 = f. What is the remainder when w is divided by h?
9
What is the remainder when (4 - 31/(-2))/(12/32) is divided by (-1)/(-2 + 1) + 27?
24
Suppose 3*v + 2*j + 96 = -j, 4 = -2*j. Let y = v + 44. Calculate the remainder when 67 is divided by y.
11
Let y(b) = -2*b**3 - 292*b**2 + 3*b**3 + 22 + 310*b**2 - 2. Let i = -3 + 10. What is the remainder when y(-18) is divided by i?
6
Suppose 0 = -3*x + 2*g + 26, -3*g - 14 - 21 = -4*x. What is the remainder when 54 is divided by x?
6
Suppose 3*a + 123 = -4*w, -94 = 3*w + 5*a - a. What is the remainder when (-1 + (-1)/2)*w is divided by ((-10)/15)/((-2)/36)?
9
What is the remainder when (114/(-21))/((-18)/189) is divided by 12?
9
Let j(g) = 2*g**2 - g + 5. Calculate the remainder when 121 is divided by j(-4).
39
Let r = 9 + -49. Let p = -24 - r. Calculate the remainder when 31 is divided by p.
15
Suppose -5*y = 3*z + 175, 3*y - 4*z + 140 = -y. Let f = 48 + y. Calculate the remainder when f is divided by 5.
3
Suppose 0 = 2*i + 5*i - 35. Suppose 439 = 4*w + i*r + 145, -278 = -4*w + 3*r. Calculate the remainder when w is divided by 18.
17
Let q(z) = -4*z**2 - 110*z - 48. What is the remainder when 8 is divided by q(-27)?
2
Let s = -276 + 312. Calculate the remainder when 107 is divided by s.
35
Let i(s) = s**2 + 4*s - 4. Suppose 0 = -40*r - 2909 + 8349. What is the remainder when r is divided by i(4)?
24
Let q = 31 + -31. Suppose 5*m + q - 15 = 0. Calculate the remainder when 4 is divided by m.
1
Let a(o) = 8*o**2 + 11*o + 16. What is the remainder when a(-3) is divided by 29?
26
Suppose 15*x - 91 = -2*d + 16*x, 5*d + 4*x - 221 = 0. Calculate the remainder when 96 is divided by d.
6
Let s = 203 + -109. Suppose 3*x - s = 89. Suppose 4*o - 35 = x. What is the remainder when o is divided by 5?
4
Suppose -530*n = -362*n - 3192. Let h = -9 + 16. What is the remainder when n is divided by h?
5
Suppose 0 = -5*h - 0*h + 10. Suppose 4*n - 14 + h = 0. Suppose 0 = 4*f - 2*r - 98, 3*f - n*r + 93 = 7*f. What is the remainder when 47 is divided by f?
23
Suppose -2*d = -5*j + 136, 0*j + 2*j + 5*d = 37. Let f = -22 + 72. Calculate the remainder when f is divided by j.
24
Let z(d) = d**2 - 3*d + 6. Suppose c + 3*k = 26, 55 = 5*c - 3*k - 93. Calculate the remainder when c is divided by z(4).
9
Suppose -7*n = 21 - 126. What is the remainder when 21 is divided by n?
6
Let g = 580 + -457. Calculate the remainder when g is divided by 21.
18
Let z(v) be the second derivative of v**5/20 + 2*v**4/3 - 2*v**2 + 2*v. Let n be z(-8). Calculate the remainder when (n/(-3))/((-4)/(-102)) is divided by 13.
8
Suppo